9)/4. Suppose 51 = r*s - 2*k, 0*s = -4*s + 5*k + 34. Suppose -s = -j - 2. Is j prime?
False
Let r = 103 + -67. Is (-1)/(1 - 40/r) composite?
True
Let h be -292 + 6/(6/3). Let z = h + 416. Is z prime?
True
Is 1*(-514)/((-6)/3) composite?
False
Suppose n - 2*x = 691, -5*n + 4*x + 3423 = 2*x. Is n composite?
False
Is (-2 + 0 + 24)*(-3405)/(-30) prime?
False
Is (-1)/(-2) - 1130/(-20) prime?
False
Suppose 0 = -5*l - 4*c + 2871, 8 = 2*c - 0*c. Is l a composite number?
False
Is (1 + 946)*(-1 + 2) composite?
False
Suppose 3*g - 6 = 3*q, -2*g = q - 8 - 5. Suppose q*j + 0*j = -u + 448, 5*u + 144 = j. Is j prime?
True
Let t(a) = -1. Let x(i) = 5*i + 7. Let v(l) = 4*t(l) + x(l). Let b be v(6). Suppose -2*n - n + b = 0. Is n a prime number?
True
Suppose -6*i + 12 = -2*i. Suppose -i*z + 9*b + 17 = 4*b, 5*z - 5*b - 35 = 0. Is (-2)/(-6) + 195/z a prime number?
False
Suppose -5*q + 20 = -10*q. Let n(a) = a**2 + 3. Is n(q) prime?
True
Suppose -7*y = -4*y - 159. Is y a prime number?
True
Suppose -4 = 2*a + 4. Is (118/a)/((-7)/14) a composite number?
False
Let p(q) be the second derivative of -2*q**3 + 7*q**2/2 + 2*q. Is p(-5) a composite number?
False
Let r(f) = f**3. Let x(m) = -5*m**3 + 4*m**2 + 8*m + 1. Let l(d) = -4*r(d) - x(d). Is l(6) a prime number?
True
Let b(d) = -d**3 - 7*d**2 - 8*d - 4. Let t be b(-7). Suppose -3*h + t = h. Is h a composite number?
False
Suppose p - 3*n - 48 - 32 = 0, p + 2*n - 75 = 0. Suppose -o - 2*z + 10 = -p, 2*o = -z + 168. Is o prime?
True
Suppose -5*q + 64 = -3*l + l, 3*l = -5*q + 79. Is (-4)/q + 5277/21 prime?
True
Let q(g) = g + 7. Let o be q(-3). Suppose o*x = -83 + 215. Is x prime?
False
Let o = 7 - 7. Let j(r) = o*r + r**2 - 5*r + 0*r - 8 + 0*r. Is j(7) a composite number?
True
Let u(d) = d**3 + 5*d**2 + 2*d - 10. Let j be u(8). Suppose j = -9*t + 11*t. Is t composite?
False
Suppose -3*s - 9 = -10*v + 5*v, -4*s - 7 = -5*v. Suppose 0 = 2*u + n - 79, -s*u - 2*n + 30 = -44. Is 12/u - (-404)/7 composite?
True
Let o(g) = 12*g**2 - g + 33. Is o(14) composite?
False
Suppose 8210 = 5*i + 5*o, 0*o - 4891 = -3*i + 4*o. Is i a composite number?
False
Suppose -3*d + 6 = 3*w, 5*d - 7 = w + 3. Suppose 3*j + 0*j + 1328 = 5*i, 2*j = -d. Is i composite?
True
Suppose 0 = 2*v - p - 349 - 861, 5*v - 3031 = p. Suppose 0 = 5*l - 5*q - 610, 0*q - v = -5*l + 4*q. Is l a composite number?
True
Suppose -2*n = 2 - 8. Suppose -n*h = 5*d - 770, 0 = -2*d + 2*h - 24 + 348. Is d a composite number?
False
Let z = -20 - -14. Is (-3 + -12)*34/z a composite number?
True
Let k(u) = u**2 - 5*u + 5. Let v be (-1 + 2 - 0)/(-1). Let z be -1*7*(-2 - v). Is k(z) a composite number?
False
Let s(q) = -270*q - 2. Let p be s(1). Let h = p + 523. Is h a composite number?
False
Let a(j) be the second derivative of j**4/6 - 3*j**3 + 5*j**2/2 - 2*j. Is a(14) a composite number?
True
Let f(h) = 85*h**2 - 4*h - 2. Is f(3) a prime number?
True
Let o = -962 - -2547. Is o a prime number?
False
Let h(z) = z + 9. Let r be h(-7). Suppose 2*s + l - 11 = 2*l, r*l = -s + 8. Is s composite?
True
Let m be 2*(-3 - (1 + -3)). Let z(n) = 28*n**2 - n - 1. Is z(m) prime?
True
Let c = 25 + -19. Suppose -s - 285 = -c*s. Is s a composite number?
True
Let g(d) = -d**3 - 12*d**2 + 12*d + 6. Let n be g(-11). Let r = -82 - n. Let w = r + -68. Is w prime?
True
Suppose 4*s + 28 = -4*j, 0*s - 3*j = 5*s + 35. Let n be 48/(-10)*(-3 + s). Is 1 + n - 0/(-5) prime?
False
Suppose 0 = h - 1 - 4. Let y(k) = -18*k**3 + 5*k**2 - 2*k - 3. Let t be y(h). Is 4/18 - t/18 prime?
False
Let p be 67*(2 + -2 + 1). Let g(h) = 7*h**2 - 8*h - 4. Let u be g(6). Suppose -u = -3*t + p. Is t a composite number?
False
Suppose 0 = -2*s - 3*s + 5*r + 60, r = -5. Let z = -7 + s. Suppose 5*q + z*q - 695 = 0. Is q a prime number?
True
Let q = 1241 + -740. Is q prime?
False
Let r(l) be the third derivative of l**6/120 - l**5/20 + l**4/4 - l**3/6 - 4*l**2. Is r(5) a prime number?
True
Let s be (0 - 7)*4/(-14). Let r be (0 + (-5)/2)*s. Let x(b) = -b**2 - 9*b - 5. Is x(r) composite?
True
Let l(w) = -166*w**2 + 26*w - 26. Let k be (-18)/24 - (-82)/(-8). Let d(z) = -33*z**2 + 5*z - 5. Let c(s) = k*d(s) + 2*l(s). Is c(2) a prime number?
False
Let c(v) = -6 + 588*v + 8 - 3 + 0. Is c(1) a composite number?
False
Let u = 1310 - 781. Is u a composite number?
True
Let s = -61 - -132. Suppose -s = -k + 44. Suppose -k = -4*c - c. Is c a prime number?
True
Suppose -3707 = -6*b + 103. Is b prime?
False
Let k(b) be the third derivative of -b**6/120 + b**5/30 + b**4/6 + 2*b**3/3 - 2*b**2. Let p be k(4). Let q = p + 95. Is q prime?
True
Let y(q) = 172*q - 21. Let t be y(-12). Let l = t + 2936. Is l a prime number?
False
Suppose -5*n - 99 = 3*p - 23, 2*n = p - 26. Let k(b) = -21*b - 7. Is k(n) a prime number?
False
Let r(y) = 24*y + 2. Let u be r(7). Suppose -5*z + 285 = -u. Is z prime?
False
Let r(m) = 2*m**2 - 10*m + 7. Is r(7) composite?
True
Let s(m) = 7*m + 4. Let b be s(4). Suppose r - b = 15. Is r composite?
False
Suppose 0 = -y + 6 + 1. Suppose y*x - 1516 = 3*x. Is x a prime number?
True
Let k be (1265/(-10))/(2/(-4)). Let y = k - 92. Is y a prime number?
False
Let o be -1*(-829 - -2) - -1. Suppose -3*a + a = -o. Is a/5 - 1/(-5) a composite number?
False
Suppose -4*y = -2*r - 258, y - 81 + 20 = 4*r. Suppose -y + 250 = 5*l. Is l a composite number?
False
Let r = -9 - -5. Is r/(-22) - 6297/(-33) a composite number?
False
Let t be (-1)/3 - (-1)/3. Let n be t/(2*3/6). Suppose -5*r + 5 = n, 2*s = -7*r + 2*r + 67. Is s a prime number?
True
Let t(w) = 22*w - 5. Let s = -2 - -4. Let u be (4/s)/((-8)/(-28)). Is t(u) a composite number?
False
Let r(n) = -n**3 - 4*n**2 + 7*n + 7. Suppose 5*o + 33 = -3*j, j + 4*j + 33 = -o. Is r(j) a composite number?
False
Let v = 810 + -453. Suppose v = 2*s - 5*p, 0 = 4*s + 3*p + p - 784. Is s composite?
False
Let k(x) = -x**3 + 9*x**2 + 9*x - 2. Let g be k(10). Let l be (-16 + 2)/(2/g). Let i = -5 + l. Is i a composite number?
False
Let x(z) = z**3 - 8*z**2 - 10*z + 13. Let u be x(9). Suppose -2*p = u*m - 4*p - 774, -5*p + 381 = 2*m. Suppose m = 3*c + 16. Is c prime?
True
Suppose -3*s + 5*t = -1, -s - 2*s = -3*t - 3. Let a(z) be the third derivative of z**5/20 + z**4/12 - z**3/3 - z**2. Is a(s) a prime number?
False
Suppose -218 = -a + 2*s + s, s + 421 = 2*a. Let d = a - 4. Is d composite?
True
Let s = -145 + 402. Is s composite?
False
Let q(c) = -2*c - 1. Let y be q(-4). Let k = y - -8. Is k composite?
True
Let c(b) be the third derivative of 4*b**5/15 + b**4/8 - 2*b**3/3 - b**2. Suppose 0 = -s + 4*s - 9. Is c(s) prime?
True
Let j(z) be the second derivative of -z**4/12 - 5*z**3/6 + z**2 - z. Let b be j(-4). Let i(v) = v**3 - 4*v**2 - 7*v - 5. Is i(b) composite?
True
Let z(h) = -h**3 + 17*h**2 - 10*h - 13. Is z(10) prime?
True
Suppose -o - 6 - 4 = 5*h, -4*o + 14 = 2*h. Is h/(0 - 1) - -48 a composite number?
True
Suppose -5 = -4*s + 11. Let w be (3 - 4) + 8*5. Suppose -j + w = -0*j + 4*b, 0 = s*b - 4. Is j a composite number?
True
Suppose 3*p = 2*h - 289, -h - 4*p + p + 158 = 0. Is h a prime number?
True
Suppose 2*p + 153 = b, 4*b - 598 = 5*p - 4*p. Is b a prime number?
True
Suppose -4*y - 24 = -5*x, x - 3*y + 1 = -8*y. Suppose -p - x*i + 43 = 0, -3*p - i = -63 - 66. Is p prime?
True
Suppose k = -0 + 4, -5*i - k + 459 = 0. Is i a prime number?
False
Suppose -j = 3*j - 2*z - 216, 0 = 5*j + 3*z - 270. Suppose 0*i = 5*i + 160. Let r = j + i. Is r a prime number?
False
Let u = 45 + -32. Is u composite?
False
Let o(f) = f**3 + 14*f**2 - 12*f + 10. Let w be o(-9). Let n = -264 + w. Is n a composite number?
True
Let m = -4547 + 6714. Is m composite?
True
Let x(i) = 8*i + 10. Let w be x(12). Suppose 0 = -2*k + 5*g + w, k - 6 - 33 = -g. Is k a prime number?
True
Suppose 3*b + 0*u + u = 786, -3*b = 5*u - 798. Suppose -2*v = v - b. Let c = -34 + v. Is c prime?
True
Let i(j) = -j**3 - 8*j**2 - j - 8. Let c be i(-8). Let v(q) = q + 14. Is v(c) a prime number?
False
Is -5 + 255 - (-3 - -2) composite?
False
Let x = -14 + 42. Let h = -39 - -58. Let y = x - h. Is y a composite number?
True
Suppose -5*f + t = -3*t - 265, 53 = f - t. Is f*1/((-2)/(-10)) a prime number?
False
Let l = -264 - -122. Let a = 168 - 257. Let s = a - l. Is s prime?
True
Suppose -6*b = -b - 55. Suppose b = d - 20. Is d a composite number?
False
Let s = 828 +